j + 5*h + 30, 0 = -5*j + h + 3*h + 42. Calculate the remainder when 28 is divided by j.
8
Let h(i) = i**2 + 3*i + 3. Let v be h(-2). Let m be v/(((-4)/(-5))/(-4)). Let z = m + 8. What is the remainder when 8 is divided by z?
2
Suppose -2 = -2*w + 4. Let u = -1 + 11. What is the remainder when 31 - (-2)/(-3)*w is divided by u?
9
Let b(o) = -2*o**2 + 14*o + 2. Suppose -4*x - 2*s + 12 = -3*x, 0 = -4*s + 8. Calculate the remainder when b(6) is divided by x.
6
Calculate the remainder when 4/(-12) + (-526)/(-3) is divided by 11.
10
Let c(y) = y**2 + 2*y - 6. What is the remainder when c(7) is divided by 15?
12
Let w(z) = -z**3 - z**2 + z - 1. What is the remainder when 2 is divided by w(-2)?
0
Let y = 18 + -16. Let r(j) = 4*j. What is the remainder when r(1) is divided by y?
0
Let j(t) = -t**3 + 2*t**2 + 2*t - 1. Suppose 2*y + 4 = 0, -2*y + 2 = 3*m - 0*y. Calculate the remainder when 10 is divided by j(m).
1
Let c be 3/(-9) + (-734)/(-6). Suppose -3*a + c = -a. Calculate the remainder when a is divided by 42/4*(2 + 0).
19
Let n = -95 - -97. Suppose g + g - 16 = 0. Suppose -g = -n*f + 12. Calculate the remainder when 29 is divided by f.
9
Let p(n) = -n**2 - 24*n - 19. Let t(x) = -12*x - 9. Let c(r) = -2*p(r) + 5*t(r). What is the remainder when c(10) is divided by 25?
23
Let k(b) = 3*b**2 + 4*b + 4. Let i = -26 - -37. Calculate the remainder when k(-3) is divided by i.
8
Let y be 56/5 + (-3)/15. Suppose -2*u + 5*m + 6 = -23, m = -u + y. Suppose 8*q - 110 = 3*q. What is the remainder when q is divided by u?
10
Suppose 87 = 4*h - 5. Suppose -5*i + 162 = -h. Suppose -c + 5 + 7 = g, -c = -3*g + 40. What is the remainder when i is divided by g?
11
Let g = -3 + 16. Let m = 16 + 22. Calculate the remainder when m is divided by g.
12
Let f = -3 + 7. Suppose -f*z + o + 28 = -2*z, 2*o + 8 = 0. Calculate the remainder when 45 is divided by z.
9
Suppose -37 = -2*m + 57. Calculate the remainder when m is divided by 16.
15
Let z = 111 - 45. Calculate the remainder when z is divided by 17.
15
Suppose -2*v - 3*d = 3*v - 36, -5*v - 4*d = -38. What is the remainder when 9 is divided by v?
3
Let g = 6 - 2. Suppose -y = y - g. Calculate the remainder when (156/(-8))/(y/(-4)) is divided by 20.
19
Let u = 12 + -3. Let z be 4/(-10)*(-6 - -51). Let n = 33 + z. What is the remainder when n is divided by u?
6
Let g = -2 - -25. Calculate the remainder when 43 is divided by g.
20
Let k(g) be the second derivative of g**5/20 + 5*g**4/12 - g**3 + 3*g**2/2 + 2*g. Calculate the remainder when 96 is divided by k(-5).
30
Suppose -k - 4 = 2*o - 8, 3*o = -k + 3. Let a = -11 - -22. Calculate the remainder when a is divided by k.
5
Let n(f) = -f**2 + 2. Let x be n(0). Let b be 10*((-8)/x)/(-2). Let g = -11 + b. What is the remainder when 25 is divided by g?
7
Suppose 0*g + 3*g = -4*j + 77, 2*j + 4*g = 46. What is the remainder when 67 is divided by j?
16
Calculate the remainder when 17 - (-3)/(-6)*6 is divided by 4.
2
Calculate the remainder when 170 is divided by ((-33)/4)/(-3 - (-90)/32).
38
Suppose -5*k + 45 = 3*m - 1, -5*m = k - 84. Calculate the remainder when m is divided by 6.
5
Let u = -5 - -84. Suppose -6*v + 2*v + u = 5*t, t - 3*v - 31 = 0. What is the remainder when t is divided by 10?
9
Suppose 3*p = 2*w + 4, 2*p = -3*p - 2*w - 4. Suppose 4*n = -p*n + 76. Suppose 183 = 3*z + 72. What is the remainder when z is divided by n?
18
What is the remainder when ((-25)/(-15))/(1/33) is divided by 6?
1
Calculate the remainder when 10 - (-1)/2*-6 is divided by 5.
2
Suppose -2*r - 2*n = -52, -4*n + 37 = -3*r + 136. Let y = 111 + -68. Calculate the remainder when y is divided by 1/2 + r/2.
13
Let j = -4 + 4. Suppose 4*q + 23 = 5*t, -t = -j*q + 4*q - 19. What is the remainder when t is divided by 24/3*1/2?
3
Suppose 0 = -2*v + 5*v - 6. Suppose 4*o = 4*c + 72, -v*o + 13 = -5*c - 32. What is the remainder when o is divided by 8?
7
Suppose 0 = -2*c - 2*f + 12, -2*c - f + 0*f + 10 = 0. What is the remainder when 16 is divided by c?
0
Let x = -2 - -7. Suppose 6*s = 103 + 11. What is the remainder when s is divided by x?
4
Let z = -32 - -37. What is the remainder when 14 is divided by z?
4
Calculate the remainder when 98 is divided by (-124)/(-14) - 3/(-21).
8
What is the remainder when 31 is divided by (-18)/45 + 57/5?
9
Suppose 2*k - 4*k - 2 = 0. Calculate the remainder when -4 + 7 - k*43 is divided by 12.
10
Suppose -155*y + 465 = -150*y. What is the remainder when y is divided by 12?
9
Suppose -y = 2*y - 90. Suppose 5*r = -5 + y. Suppose 0 + r = a. What is the remainder when 13 is divided by a?
3
What is the remainder when ((-24)/(-7))/(7/49) is divided by 6/(-27) - 833/(-63)?
11
Suppose -3*j - 4*g = g + 121, 4*j - 5*g + 138 = 0. Let r = -14 - j. What is the remainder when 44 is divided by r?
21
Let n be ((-6)/(-8))/((-1)/(-4)). Suppose n*d - 8 - 4 = 0. Calculate the remainder when d is divided by 4/14 + (-72)/(-42).
0
Suppose 4*t + t - 240 = 0. Suppose -l + 4*l = t. What is the remainder when 30 is divided by l?
14
Let u(l) = -l + 11. Let w be u(8). What is the remainder when 17 is divided by 2 + 8/(w + -1)?
5
Let y be ((-444)/(-10))/((-9)/(-30)). Suppose 2*c - 6*c = -y. Calculate the remainder when c is divided by 10.
7
Suppose -5*c - 3*l = -4*c - 16, 0 = c - 2*l - 41. What is the remainder when 55 is divided by c?
24
Let m be 24/9*(1 + 2). Let k = -4 + m. Calculate the remainder when k is divided by 2.
0
Let j be (-4)/(-3)*(-3)/(-2). Suppose -2*g + 3*y + 26 = 0, 0*y + j = -y. Suppose 5*s + 3*s = 152. Calculate the remainder when s is divided by g.
9
Suppose 0 = 3*y - 2*v - 12, 5*v - 10 - 23 = -3*y. Suppose a - 11 = -k, 0 = -2*k + 5*a - 0 - y. What is the remainder when 19 is divided by k?
5
Let m = -4 + 7. Suppose -4 = -f + m. Calculate the remainder when f is divided by 4.
3
Let c = 163 + -99. What is the remainder when c is divided by 13?
12
Let s = -5 - -10. What is the remainder when 9 is divided by s?
4
Let t = 8 - 6. Suppose 0 = 3*g - 4*j - t, 4 = 3*j + j. Suppose 5*k - 120 = g*k. Calculate the remainder when k is divided by 21.
19
Suppose -16 = 18*j - 19*j. Suppose 5*b - 4*u - u = 145, 0 = -2*b + u + 60. What is the remainder when b is divided by j?
15
Let z(v) = v**3 + 6*v**2 + v - 4. Suppose s + 3 + 1 = 0. Calculate the remainder when z(s) is divided by 13.
11
Suppose -3*v + 4 = -2. Suppose 29 = 2*k + 3. Calculate the remainder when (2/4 + v)*10 is divided by k.
12
Let k(v) = v + 12. Let h = 35 - 9. Suppose -3*u + 5 - h = 0. What is the remainder when 13 is divided by k(u)?
3
Let j = 10 + 106. Suppose -4*f = -3*f - 18. Calculate the remainder when f is divided by 1/6 + j/24.
3
Suppose 5 + 2 = i + 5*w, 5*i + 4*w - 14 = 0. What is the remainder when 9 is divided by i?
1
Let y(i) = -2*i. What is the remainder when y(-3) is divided by 3?
0
Suppose 2*c - 6 = 0, -3*h + 1 = -5*c - 17. Suppose 0*x - 3 = 3*x, -3*x = -5*g + 38. What is the remainder when h is divided by g?
4
What is the remainder when 33 is divided by 0/(0 + 3 + -2) - -17?
16
Suppose -3*m - 9 = -3*l - 0*m, 5*l - 17 = 3*m. Suppose l*t + t - 210 = 0. Calculate the remainder when t is divided by 15.
12
Suppose 4*j - j = 84. Suppose 4*f = -0*f + j. What is the remainder when 26 is divided by f?
5
Let o be (45/12)/(-5)*-12. Let v = 25 - o. Calculate the remainder when (-2)/3 + v/6 is divided by 2.
0
Suppose -3*g = -12 - 18. Suppose 2*u = -5*w + 64, 0 = 4*u + 3*w + 40 - 154. What is the remainder when u is divided by g?
7
Let y be 10/15 - 28/6. Calculate the remainder when 18 is divided by (4/(-6))/(y/30).
3
Suppose 0 = 5*a - 0 - 5, -33 = -3*p - 3*a. Calculate the remainder when 39 is divided by p.
9
Suppose 3*h + 663 = -0*a - 3*a, 3*h - 462 = 2*a. Calculate the remainder when 2/(-8) - a/20 is divided by 6.
5
Let x(m) = 2*m**3 + m**2 - 2*m - 1. Calculate the remainder when x(3) is divided by 2/(-5) - 194/(-10).
18
Let y = 106 + -95. What is the remainder when 41 is divided by y?
8
Let r = -52 - -77. Let f be (-5)/(-2)*(8 - -2). Suppose -2*j = -1 - f. What is the remainder when r is divided by j?
12
Suppose -2*c + 9 = -5*a - 47, 2*a = -4. Suppose 2*k = -5*s + c, 15 = 3*s + 2*k + 2. What is the remainder when 27 is divided by s?
2
Suppose -3 + 0 = f. Let b be 0/(f - -4)*-1. Suppose 0 = -b*d - d + 21. Calculate the remainder w